{"id":6338,"date":"2022-11-22T10:58:51","date_gmt":"2022-11-22T09:58:51","guid":{"rendered":"https:\/\/www.visitcinqueterre.eu\/calendrier-des-affaires\/"},"modified":"2022-11-22T10:58:54","modified_gmt":"2022-11-22T09:58:54","slug":"calendrier-des-affaires","status":"publish","type":"page","link":"https:\/\/www.visitcinqueterre.eu\/fr\/calendrier-des-affaires\/","title":{"rendered":"Calendrier des affaires"},"content":{"rendered":"\n<p>Voici le calendrier avec les activit\u00e9s commerciales d&rsquo;hiver : un petit guide pour vous accompagner pendant votre s\u00e9jour si vous visitez Riomaggiore, Manarola et Volastra pendant les mois d&rsquo;hiver.<\/p>\n<p>Dans les Cinque Terre, apr\u00e8s novembre&#8230;.not tout est ferm\u00e9 !<\/p><\/p>\n\n<div class=\"wp-block-columns alignwide is-layout-flex wp-container-core-columns-is-layout-9d6595d7 wp-block-columns-is-layout-flex\">\n<div class=\"wp-block-column has-background has-link-color wp-elements-856befe273ca2d32e31d6162b1524a65 is-layout-flow wp-block-column-is-layout-flow\" style=\"background:linear-gradient(135deg,rgb(255,245,203) 0%,rgb(182,227,212) 87%,rgb(51,167,181) 100%);padding-top:2em;padding-right:2em;padding-bottom:2em;padding-left:2em\">\n<h5 class=\"has-text-align-center wp-block-heading\" id=\"single\" style=\"font-size:40px\"><a href=\"https:\/\/www.visitcinqueterre.eu\/category\/attivita-commerciali-riomaggiore\/\" target=\"_blank\" rel=\"noreferrer noopener\">Riomaggiore<\/a><\/h5>\n\n\n\n<hr class=\"wp-block-separator has-text-color has-black-color has-alpha-channel-opacity has-black-background-color has-background is-style-wide\"\/>\n\n\n\n<div class=\"wp-block-buttons alignfull is-horizontal is-content-justification-center is-layout-flex wp-container-core-buttons-is-layout-499968f5 wp-block-buttons-is-layout-flex\">\n<div class=\"wp-block-button has-custom-width wp-block-button__width-100\"><a class=\"wp-block-button__link has-black-color has-white-background-color has-text-color has-background wp-element-button\" href=\"https:\/\/www.visitcinqueterre.eu\/category\/attivita-commerciali-riomaggiore\/bar-riomaggiore\/\">Bar\/Caf\u00e9<\/a><\/div>\n\n\n\n<div class=\"wp-block-button has-custom-width wp-block-button__width-100\"><a class=\"wp-block-button__link has-black-color has-white-background-color has-text-color has-background wp-element-button\" href=\"https:\/\/www.visitcinqueterre.eu\/category\/attivita-commerciali-riomaggiore\/ristoranti-riomaggiore\/\" target=\"_blank\" rel=\"noreferrer noopener\">Restaurants<\/a><\/div>\n\n\n\n<div class=\"wp-block-button has-custom-width wp-block-button__width-100\"><a class=\"wp-block-button__link has-black-color has-white-background-color has-text-color has-background wp-element-button\" href=\"https:\/\/www.visitcinqueterre.eu\/category\/attivita-commerciali-riomaggiore\/alimentari-riomaggiore\/\" target=\"_blank\" rel=\"noreferrer noopener\">Alimentation et plats \u00e0 emporter<\/a><\/div>\n\n\n\n<div class=\"wp-block-button has-custom-width wp-block-button__width-100\"><a class=\"wp-block-button__link has-black-color has-white-background-color has-text-color has-background wp-element-button\" href=\"https:\/\/www.visitcinqueterre.eu\/category\/attivita-commerciali-riomaggiore\/negozi-riomaggiore\/\" target=\"_blank\" rel=\"noreferrer noopener\">Magasins<\/a><\/div>\n<\/div>\n<\/div>\n\n\n\n<div class=\"wp-block-column has-text-color has-background has-link-color wp-elements-d7bb46911816b6e48d788d08d5d30952 is-layout-flow wp-block-column-is-layout-flow\" style=\"color:#000000;background:linear-gradient(135deg,rgb(255,245,203) 0%,rgb(182,227,212) 45%,rgb(51,167,181) 100%);padding-top:2em;padding-right:2em;padding-bottom:2em;padding-left:2em\">\n<h2 class=\"has-text-align-center wp-block-heading\" id=\"family\" style=\"font-size:40px\"><a href=\"https:\/\/www.visitcinqueterre.eu\/category\/attivita-commerciali-manarola\/\">Manarola<\/a><\/h2>\n\n\n\n<hr class=\"wp-block-separator has-text-color has-black-color has-alpha-channel-opacity has-black-background-color has-background is-style-wide\"\/>\n\n\n\n<div class=\"wp-block-buttons alignfull is-horizontal is-content-justification-center is-layout-flex wp-container-core-buttons-is-layout-499968f5 wp-block-buttons-is-layout-flex\">\n<div class=\"wp-block-button has-custom-width wp-block-button__width-100 is-style-fill\"><a class=\"wp-block-button__link has-black-color has-white-background-color has-text-color has-background wp-element-button\" href=\"https:\/\/www.visitcinqueterre.eu\/category\/attivita-commerciali-manarola\/bar-manarola\/\" target=\"_blank\" rel=\"noreferrer noopener\">Bar\/Caf\u00e9<\/a><\/div>\n\n\n\n<div class=\"wp-block-button has-custom-width wp-block-button__width-100 is-style-fill\"><a class=\"wp-block-button__link has-black-color has-white-background-color has-text-color has-background wp-element-button\" href=\"https:\/\/www.visitcinqueterre.eu\/category\/attivita-commerciali-manarola\/ristoranti-manarola\/\" target=\"_blank\" rel=\"noreferrer noopener\">Restaurants<\/a><\/div>\n\n\n\n<div class=\"wp-block-button has-custom-width wp-block-button__width-100 is-style-fill\"><a class=\"wp-block-button__link has-black-color has-white-background-color has-text-color has-background wp-element-button\" href=\"https:\/\/www.visitcinqueterre.eu\/category\/attivita-commerciali-manarola\/alimentari-manarola\/\" target=\"_blank\" rel=\"noreferrer noopener\">Alimentation et plats \u00e0 emporter<\/a><\/div>\n\n\n\n<div class=\"wp-block-button has-custom-width wp-block-button__width-100 is-style-fill\"><a class=\"wp-block-button__link has-black-color has-white-background-color has-text-color has-background wp-element-button\" href=\"https:\/\/www.visitcinqueterre.eu\/category\/attivita-commerciali-manarola\/negozi-manarola\/\" target=\"_blank\" rel=\"noreferrer noopener\">Magasins<\/a><\/div>\n<\/div>\n<\/div>\n\n\n\n<div class=\"wp-block-column has-text-color has-background has-link-color wp-elements-1c5c6241a09b64052210dae2b5390cfc is-layout-flow wp-block-column-is-layout-flow\" style=\"color:#000000;background:linear-gradient(135deg,rgb(255,245,203) 0%,rgb(182,227,212) 15%,rgb(51,167,181) 100%);padding-top:2em;padding-right:2em;padding-bottom:2em;padding-left:2em\">\n<h2 class=\"has-text-align-center wp-block-heading\" id=\"patron\" style=\"font-size:40px\">Volastra<\/h2>\n\n\n\n<hr class=\"wp-block-separator has-text-color has-black-color has-alpha-channel-opacity has-black-background-color has-background is-style-wide\"\/>\n\n\n\n<div class=\"wp-block-buttons alignfull is-horizontal is-content-justification-center is-layout-flex wp-container-core-buttons-is-layout-499968f5 wp-block-buttons-is-layout-flex\">\n<div class=\"wp-block-button has-custom-width wp-block-button__width-100\"><a class=\"wp-block-button__link has-black-color has-white-background-color has-text-color has-background wp-element-button\" href=\"https:\/\/www.visitcinqueterre.eu\/category\/attivita-commerciali-volastra\/\" target=\"_blank\" rel=\"noreferrer noopener\">D\u00e9couvrez<\/a><\/div>\n<\/div>\n<\/div>\n<\/div>\n","protected":false},"excerpt":{"rendered":"<p>Voici le calendrier avec les activit\u00e9s commerciales d&rsquo;hiver : un petit guide pour vous accompagner pendant votre s\u00e9jour si vous visitez Riomaggiore, Manarola et Volastra pendant les mois d&rsquo;hiver. Dans les Cinque Terre, apr\u00e8s novembre&#8230;.not tout est ferm\u00e9 ! Riomaggiore Manarola Volastra<\/p>\n","protected":false},"author":5,"featured_media":0,"parent":0,"menu_order":0,"comment_status":"closed","ping_status":"closed","template":"","meta":{"_acf_changed":false,"footnotes":""},"class_list":["post-6338","page","type-page","status-publish","hentry"],"acf":[],"yoast_head":"<!-- This site is optimized with the Yoast SEO plugin v26.6 - https:\/\/yoast.com\/wordpress\/plugins\/seo\/ -->\n<title>Calendrier des affaires - Visit Cinque Terre<\/title>\n<meta name=\"description\" content=\"Voulez-vous savoir quels commerces sont ouverts en hiver \u00e0 Riomaggiore, Manarola et Volastra ? Cliquez ici !\" \/>\n<meta name=\"robots\" content=\"index, follow, max-snippet:-1, max-image-preview:large, max-video-preview:-1\" \/>\n<link rel=\"canonical\" href=\"https:\/\/www.visitcinqueterre.eu\/fr\/calendrier-des-affaires\/\" \/>\n<meta property=\"og:locale\" content=\"fr_FR\" \/>\n<meta property=\"og:type\" content=\"article\" \/>\n<meta property=\"og:title\" content=\"Calendrier des affaires - Visit Cinque Terre\" \/>\n<meta property=\"og:description\" content=\"Voulez-vous savoir quels commerces sont ouverts en hiver \u00e0 Riomaggiore, Manarola et Volastra ? Cliquez ici !\" \/>\n<meta property=\"og:url\" content=\"https:\/\/www.visitcinqueterre.eu\/fr\/calendrier-des-affaires\/\" \/>\n<meta property=\"og:site_name\" content=\"Visit Cinque Terre\" \/>\n<meta property=\"article:modified_time\" content=\"2022-11-22T09:58:54+00:00\" \/>\n<meta name=\"twitter:card\" content=\"summary_large_image\" \/>\n<script type=\"application\/ld+json\" class=\"yoast-schema-graph\">{\"@context\":\"https:\/\/schema.org\",\"@graph\":[{\"@type\":\"WebPage\",\"@id\":\"https:\/\/www.visitcinqueterre.eu\/fr\/calendrier-des-affaires\/\",\"url\":\"https:\/\/www.visitcinqueterre.eu\/fr\/calendrier-des-affaires\/\",\"name\":\"Calendrier des affaires - Visit Cinque Terre\",\"isPartOf\":{\"@id\":\"https:\/\/www.visitcinqueterre.eu\/fr\/#website\"},\"datePublished\":\"2022-11-22T09:58:51+00:00\",\"dateModified\":\"2022-11-22T09:58:54+00:00\",\"description\":\"Voulez-vous savoir quels commerces sont ouverts en hiver \u00e0 Riomaggiore, Manarola et Volastra ? Cliquez ici !\",\"breadcrumb\":{\"@id\":\"https:\/\/www.visitcinqueterre.eu\/fr\/calendrier-des-affaires\/#breadcrumb\"},\"inLanguage\":\"fr-FR\",\"potentialAction\":[{\"@type\":\"ReadAction\",\"target\":[\"https:\/\/www.visitcinqueterre.eu\/fr\/calendrier-des-affaires\/\"]}]},{\"@type\":\"BreadcrumbList\",\"@id\":\"https:\/\/www.visitcinqueterre.eu\/fr\/calendrier-des-affaires\/#breadcrumb\",\"itemListElement\":[{\"@type\":\"ListItem\",\"position\":1,\"name\":\"Home\",\"item\":\"https:\/\/www.visitcinqueterre.eu\/fr\/\"},{\"@type\":\"ListItem\",\"position\":2,\"name\":\"Calendrier des affaires\"}]},{\"@type\":\"WebSite\",\"@id\":\"https:\/\/www.visitcinqueterre.eu\/fr\/#website\",\"url\":\"https:\/\/www.visitcinqueterre.eu\/fr\/\",\"name\":\"Visit Cinque Terre\",\"description\":\"Portale turistico delle Cinque Terre\",\"potentialAction\":[{\"@type\":\"SearchAction\",\"target\":{\"@type\":\"EntryPoint\",\"urlTemplate\":\"https:\/\/www.visitcinqueterre.eu\/fr\/?s={search_term_string}\"},\"query-input\":{\"@type\":\"PropertyValueSpecification\",\"valueRequired\":true,\"valueName\":\"search_term_string\"}}],\"inLanguage\":\"fr-FR\"}]}<\/script>\n<!-- \/ Yoast SEO plugin. -->","yoast_head_json":{"title":"Calendrier des affaires - Visit Cinque Terre","description":"Voulez-vous savoir quels commerces sont ouverts en hiver \u00e0 Riomaggiore, Manarola et Volastra ? Cliquez ici !","robots":{"index":"index","follow":"follow","max-snippet":"max-snippet:-1","max-image-preview":"max-image-preview:large","max-video-preview":"max-video-preview:-1"},"canonical":"https:\/\/www.visitcinqueterre.eu\/fr\/calendrier-des-affaires\/","og_locale":"fr_FR","og_type":"article","og_title":"Calendrier des affaires - Visit Cinque Terre","og_description":"Voulez-vous savoir quels commerces sont ouverts en hiver \u00e0 Riomaggiore, Manarola et Volastra ? Cliquez ici !","og_url":"https:\/\/www.visitcinqueterre.eu\/fr\/calendrier-des-affaires\/","og_site_name":"Visit Cinque Terre","article_modified_time":"2022-11-22T09:58:54+00:00","twitter_card":"summary_large_image","schema":{"@context":"https:\/\/schema.org","@graph":[{"@type":"WebPage","@id":"https:\/\/www.visitcinqueterre.eu\/fr\/calendrier-des-affaires\/","url":"https:\/\/www.visitcinqueterre.eu\/fr\/calendrier-des-affaires\/","name":"Calendrier des affaires - Visit Cinque Terre","isPartOf":{"@id":"https:\/\/www.visitcinqueterre.eu\/fr\/#website"},"datePublished":"2022-11-22T09:58:51+00:00","dateModified":"2022-11-22T09:58:54+00:00","description":"Voulez-vous savoir quels commerces sont ouverts en hiver \u00e0 Riomaggiore, Manarola et Volastra ? Cliquez ici !","breadcrumb":{"@id":"https:\/\/www.visitcinqueterre.eu\/fr\/calendrier-des-affaires\/#breadcrumb"},"inLanguage":"fr-FR","potentialAction":[{"@type":"ReadAction","target":["https:\/\/www.visitcinqueterre.eu\/fr\/calendrier-des-affaires\/"]}]},{"@type":"BreadcrumbList","@id":"https:\/\/www.visitcinqueterre.eu\/fr\/calendrier-des-affaires\/#breadcrumb","itemListElement":[{"@type":"ListItem","position":1,"name":"Home","item":"https:\/\/www.visitcinqueterre.eu\/fr\/"},{"@type":"ListItem","position":2,"name":"Calendrier des affaires"}]},{"@type":"WebSite","@id":"https:\/\/www.visitcinqueterre.eu\/fr\/#website","url":"https:\/\/www.visitcinqueterre.eu\/fr\/","name":"Visit Cinque Terre","description":"Portale turistico delle Cinque Terre","potentialAction":[{"@type":"SearchAction","target":{"@type":"EntryPoint","urlTemplate":"https:\/\/www.visitcinqueterre.eu\/fr\/?s={search_term_string}"},"query-input":{"@type":"PropertyValueSpecification","valueRequired":true,"valueName":"search_term_string"}}],"inLanguage":"fr-FR"}]}},"_links":{"self":[{"href":"https:\/\/www.visitcinqueterre.eu\/fr\/wp-json\/wp\/v2\/pages\/6338","targetHints":{"allow":["GET"]}}],"collection":[{"href":"https:\/\/www.visitcinqueterre.eu\/fr\/wp-json\/wp\/v2\/pages"}],"about":[{"href":"https:\/\/www.visitcinqueterre.eu\/fr\/wp-json\/wp\/v2\/types\/page"}],"author":[{"embeddable":true,"href":"https:\/\/www.visitcinqueterre.eu\/fr\/wp-json\/wp\/v2\/users\/5"}],"replies":[{"embeddable":true,"href":"https:\/\/www.visitcinqueterre.eu\/fr\/wp-json\/wp\/v2\/comments?post=6338"}],"version-history":[{"count":3,"href":"https:\/\/www.visitcinqueterre.eu\/fr\/wp-json\/wp\/v2\/pages\/6338\/revisions"}],"predecessor-version":[{"id":6341,"href":"https:\/\/www.visitcinqueterre.eu\/fr\/wp-json\/wp\/v2\/pages\/6338\/revisions\/6341"}],"wp:attachment":[{"href":"https:\/\/www.visitcinqueterre.eu\/fr\/wp-json\/wp\/v2\/media?parent=6338"}],"curies":[{"name":"wp","href":"https:\/\/api.w.org\/{rel}","templated":true}]}}

<p>Voici le calendrier avec les activités commerciales d&rsquo;hiver : un petit guide pour vous accompagner pendant votre séjour si vous visitez Riomaggiore, Manarola et Volastra pendant les mois d&rsquo;hiver.</p>
<p>Dans les Cinque Terre, après novembre&#8230;.not tout est fermé !</p></p>

<div class="wp-block-columns alignwide is-layout-flex wp-container-core-columns-is-layout-9d6595d7 wp-block-columns-is-layout-flex">
<div class="wp-block-column has-background has-link-color wp-elements-856befe273ca2d32e31d6162b1524a65 is-layout-flow wp-block-column-is-layout-flow" style="background:linear-gradient(135deg,rgb(255,245,203) 0%,rgb(182,227,212) 87%,rgb(51,167,181) 100%);padding-top:2em;padding-right:2em;padding-bottom:2em;padding-left:2em">
<h5 class="has-text-align-center wp-block-heading" id="single" style="font-size:40px"><a href="https://www.visitcinqueterre.eu/category/attivita-commerciali-riomaggiore/" target="_blank" rel="noreferrer noopener">Riomaggiore</a></h5>



<hr class="wp-block-separator has-text-color has-black-color has-alpha-channel-opacity has-black-background-color has-background is-style-wide"/>



<div class="wp-block-buttons alignfull is-horizontal is-content-justification-center is-layout-flex wp-container-core-buttons-is-layout-499968f5 wp-block-buttons-is-layout-flex">
<div class="wp-block-button has-custom-width wp-block-button__width-100"><a class="wp-block-button__link has-black-color has-white-background-color has-text-color has-background wp-element-button" href="https://www.visitcinqueterre.eu/category/attivita-commerciali-riomaggiore/bar-riomaggiore/">Bar/Café</a></div>



<div class="wp-block-button has-custom-width wp-block-button__width-100"><a class="wp-block-button__link has-black-color has-white-background-color has-text-color has-background wp-element-button" href="https://www.visitcinqueterre.eu/category/attivita-commerciali-riomaggiore/ristoranti-riomaggiore/" target="_blank" rel="noreferrer noopener">Restaurants</a></div>



<div class="wp-block-button has-custom-width wp-block-button__width-100"><a class="wp-block-button__link has-black-color has-white-background-color has-text-color has-background wp-element-button" href="https://www.visitcinqueterre.eu/category/attivita-commerciali-riomaggiore/alimentari-riomaggiore/" target="_blank" rel="noreferrer noopener">Alimentation et plats à emporter</a></div>



<div class="wp-block-button has-custom-width wp-block-button__width-100"><a class="wp-block-button__link has-black-color has-white-background-color has-text-color has-background wp-element-button" href="https://www.visitcinqueterre.eu/category/attivita-commerciali-riomaggiore/negozi-riomaggiore/" target="_blank" rel="noreferrer noopener">Magasins</a></div>
</div>
</div>



<div class="wp-block-column has-text-color has-background has-link-color wp-elements-d7bb46911816b6e48d788d08d5d30952 is-layout-flow wp-block-column-is-layout-flow" style="color:#000000;background:linear-gradient(135deg,rgb(255,245,203) 0%,rgb(182,227,212) 45%,rgb(51,167,181) 100%);padding-top:2em;padding-right:2em;padding-bottom:2em;padding-left:2em">
<h2 class="has-text-align-center wp-block-heading" id="family" style="font-size:40px"><a href="https://www.visitcinqueterre.eu/category/attivita-commerciali-manarola/">Manarola</a></h2>



<hr class="wp-block-separator has-text-color has-black-color has-alpha-channel-opacity has-black-background-color has-background is-style-wide"/>



<div class="wp-block-buttons alignfull is-horizontal is-content-justification-center is-layout-flex wp-container-core-buttons-is-layout-499968f5 wp-block-buttons-is-layout-flex">
<div class="wp-block-button has-custom-width wp-block-button__width-100 is-style-fill"><a class="wp-block-button__link has-black-color has-white-background-color has-text-color has-background wp-element-button" href="https://www.visitcinqueterre.eu/category/attivita-commerciali-manarola/bar-manarola/" target="_blank" rel="noreferrer noopener">Bar/Café</a></div>



<div class="wp-block-button has-custom-width wp-block-button__width-100 is-style-fill"><a class="wp-block-button__link has-black-color has-white-background-color has-text-color has-background wp-element-button" href="https://www.visitcinqueterre.eu/category/attivita-commerciali-manarola/ristoranti-manarola/" target="_blank" rel="noreferrer noopener">Restaurants</a></div>



<div class="wp-block-button has-custom-width wp-block-button__width-100 is-style-fill"><a class="wp-block-button__link has-black-color has-white-background-color has-text-color has-background wp-element-button" href="https://www.visitcinqueterre.eu/category/attivita-commerciali-manarola/alimentari-manarola/" target="_blank" rel="noreferrer noopener">Alimentation et plats à emporter</a></div>



<div class="wp-block-button has-custom-width wp-block-button__width-100 is-style-fill"><a class="wp-block-button__link has-black-color has-white-background-color has-text-color has-background wp-element-button" href="https://www.visitcinqueterre.eu/category/attivita-commerciali-manarola/negozi-manarola/" target="_blank" rel="noreferrer noopener">Magasins</a></div>
</div>
</div>



<div class="wp-block-column has-text-color has-background has-link-color wp-elements-1c5c6241a09b64052210dae2b5390cfc is-layout-flow wp-block-column-is-layout-flow" style="color:#000000;background:linear-gradient(135deg,rgb(255,245,203) 0%,rgb(182,227,212) 15%,rgb(51,167,181) 100%);padding-top:2em;padding-right:2em;padding-bottom:2em;padding-left:2em">
<h2 class="has-text-align-center wp-block-heading" id="patron" style="font-size:40px">Volastra</h2>



<hr class="wp-block-separator has-text-color has-black-color has-alpha-channel-opacity has-black-background-color has-background is-style-wide"/>



<div class="wp-block-buttons alignfull is-horizontal is-content-justification-center is-layout-flex wp-container-core-buttons-is-layout-499968f5 wp-block-buttons-is-layout-flex">
<div class="wp-block-button has-custom-width wp-block-button__width-100"><a class="wp-block-button__link has-black-color has-white-background-color has-text-color has-background wp-element-button" href="https://www.visitcinqueterre.eu/category/attivita-commerciali-volastra/" target="_blank" rel="noreferrer noopener">Découvrez</a></div>
</div>
</div>
</div>

<p>Voici le calendrier avec les activités commerciales d&rsquo;hiver : un petit guide pour vous accompagner pendant votre séjour si vous visitez Riomaggiore, Manarola et Volastra pendant les mois d&rsquo;hiver. Dans les Cinque Terre, après novembre&#8230;.not tout est fermé ! Riomaggiore Manarola Volastra</p>

<!-- This site is optimized with the Yoast SEO plugin v26.6 - https://yoast.com/wordpress/plugins/seo/ -->
<title>Calendrier des affaires - Visit Cinque Terre</title>
<meta name="description" content="Voulez-vous savoir quels commerces sont ouverts en hiver à Riomaggiore, Manarola et Volastra ? Cliquez ici !" />
<meta name="robots" content="index, follow, max-snippet:-1, max-image-preview:large, max-video-preview:-1" />
<link rel="canonical" href="https://www.visitcinqueterre.eu/fr/calendrier-des-affaires/" />
<meta property="og:locale" content="fr_FR" />
<meta property="og:type" content="article" />
<meta property="og:title" content="Calendrier des affaires - Visit Cinque Terre" />
<meta property="og:description" content="Voulez-vous savoir quels commerces sont ouverts en hiver à Riomaggiore, Manarola et Volastra ? Cliquez ici !" />
<meta property="og:url" content="https://www.visitcinqueterre.eu/fr/calendrier-des-affaires/" />
<meta property="og:site_name" content="Visit Cinque Terre" />
<meta property="article:modified_time" content="2022-11-22T09:58:54+00:00" />
<meta name="twitter:card" content="summary_large_image" />
<script type="application/ld+json" class="yoast-schema-graph">{"@context":"https://schema.org","@graph":[{"@type":"WebPage","@id":"https://www.visitcinqueterre.eu/fr/calendrier-des-affaires/","url":"https://www.visitcinqueterre.eu/fr/calendrier-des-affaires/","name":"Calendrier des affaires - Visit Cinque Terre","isPartOf":{"@id":"https://www.visitcinqueterre.eu/fr/#website"},"datePublished":"2022-11-22T09:58:51+00:00","dateModified":"2022-11-22T09:58:54+00:00","description":"Voulez-vous savoir quels commerces sont ouverts en hiver à Riomaggiore, Manarola et Volastra ? Cliquez ici !","breadcrumb":{"@id":"https://www.visitcinqueterre.eu/fr/calendrier-des-affaires/#breadcrumb"},"inLanguage":"fr-FR","potentialAction":[{"@type":"ReadAction","target":["https://www.visitcinqueterre.eu/fr/calendrier-des-affaires/"]}]},{"@type":"BreadcrumbList","@id":"https://www.visitcinqueterre.eu/fr/calendrier-des-affaires/#breadcrumb","itemListElement":[{"@type":"ListItem","position":1,"name":"Home","item":"https://www.visitcinqueterre.eu/fr/"},{"@type":"ListItem","position":2,"name":"Calendrier des affaires"}]},{"@type":"WebSite","@id":"https://www.visitcinqueterre.eu/fr/#website","url":"https://www.visitcinqueterre.eu/fr/","name":"Visit Cinque Terre","description":"Portale turistico delle Cinque Terre","potentialAction":[{"@type":"SearchAction","target":{"@type":"EntryPoint","urlTemplate":"https://www.visitcinqueterre.eu/fr/?s={search_term_string}"},"query-input":{"@type":"PropertyValueSpecification","valueRequired":true,"valueName":"search_term_string"}}],"inLanguage":"fr-FR"}]}</script>
<!-- / Yoast SEO plugin. -->

Voulez-vous savoir quels commerces sont ouverts en hiver à Riomaggiore, Manarola et Volastra ? Cliquez ici !
